the prime factors of 3163?
3163
List the prime factors of 27664.
2, 7, 13, 19
List the prime factors of 2233.
7, 11, 29
What are the prime factors of 36638?
2, 7, 2617
List the prime factors of 51598.
2, 25799
List the prime factors of 502.
2, 251
List the prime factors of 1770.
2, 3, 5, 59
What are the prime factors of 74258?
2, 107, 347
What are the prime factors of 116646?
2, 3, 19441
List the prime factors of 70.
2, 5, 7
List the prime factors of 91555.
5, 18311
List the prime factors of 21969.
3, 2441
List the prime factors of 60904.
2, 23, 331
What are the prime factors of 1134?
2, 3, 7
What are the prime factors of 7966?
2, 7, 569
What are the prime factors of 1941?
3, 647
List the prime factors of 54609.
3, 109, 167
List the prime factors of 113166.
2, 3, 6287
What are the prime factors of 57546?
2, 3, 23, 139
What are the prime factors of 783?
3, 29
List the prime factors of 4227.
3, 1409
What are the prime factors of 82?
2, 41
List the prime factors of 26840.
2, 5, 11, 61
List the prime factors of 159.
3, 53
List the prime factors of 1107.
3, 41
List the prime factors of 1362.
2, 3, 227
List the prime factors of 14375.
5, 23
List the prime factors of 2399.
2399
List the prime factors of 828.
2, 3, 23
List the prime factors of 54866.
2, 7, 3919
What are the prime factors of 190673?
7, 27239
What are the prime factors of 4150?
2, 5, 83
What are the prime factors of 453?
3, 151
List the prime factors of 7094.
2, 3547
List the prime factors of 2072.
2, 7, 37
What are the prime factors of 17531?
47, 373
List the prime factors of 2554.
2, 1277
List the prime factors of 1513.
17, 89
List the prime factors of 30853.
30853
List the prime factors of 2496.
2, 3, 13
What are the prime factors of 2547?
3, 283
What are the prime factors of 9030?
2, 3, 5, 7, 43
List the prime factors of 20261.
20261
What are the prime factors of 587?
587
What are the prime factors of 17117?
17117
List the prime factors of 1628.
2, 11, 37
List the prime factors of 4626.
2, 3, 257
List the prime factors of 22833.
3, 43, 59
List the prime factors of 259.
7, 37
What are the prime factors of 496?
2, 31
List the prime factors of 2533.
17, 149
List the prime factors of 3183.
3, 1061
What are the prime factors of 2531?
2531
List the prime factors of 23794.
2, 11897
What are the prime factors of 20179?
17, 1187
What are the prime factors of 6044?
2, 1511
What are the prime factors of 24538?
2, 12269
What are the prime factors of 36318?
2, 3, 6053
What are the prime factors of 120746?
2, 60373
What are the prime factors of 19184?
2, 11, 109
What are the prime factors of 28650?
2, 3, 5, 191
What are the prime factors of 62248?
2, 31, 251
List the prime factors of 2053.
2053
List the prime factors of 578.
2, 17
List the prime factors of 18028.
2, 4507
What are the prime factors of 8735?
5, 1747
What are the prime factors of 219?
3, 73
List the prime factors of 456.
2, 3, 19
List the prime factors of 20009.
11, 17, 107
List the prime factors of 317.
317
What are the prime factors of 29359?
11, 17, 157
List the prime factors of 10273.
10273
What are the prime factors of 19279?
13, 1483
List the prime factors of 6246.
2, 3, 347
List the prime factors of 583.
11, 53
List the prime factors of 110014.
2, 67, 821
What are the prime factors of 46318?
2, 23159
List the prime factors of 48266.
2, 24133
List the prime factors of 44161.
13, 43, 79
List the prime factors of 141874.
2, 70937
What are the prime factors of 184?
2, 23
List the prime factors of 974.
2, 487
List the prime factors of 611.
13, 47
What are the prime factors of 37875?
3, 5, 101
What are the prime factors of 3945?
3, 5, 263
What are the prime factors of 5238?
2, 3, 97
List the prime factors of 853.
853
What are the prime factors of 242?
2, 11
List the prime factors of 185.
5, 37
List the prime factors of 180991.
241, 751
List the prime factors of 1075.
5, 43
What are the prime factors of 3945?
3, 5, 263
List the prime factors of 61396.
2, 15349
List the prime factors of 17663.
17, 1039
List the prime factors of 1348.
2, 337
What are the prime factors of 2141?
2141
What are the prime factors of 95749?
23, 181
What are the prime factors of 23049?
3, 13, 197
What are the prime factors of 514?
2, 257
What are the prime factors of 238?
2, 7, 17
What are the prime factors of 968?
2, 11
List the prime factors of 364.
2, 7, 13
List the prime factors of 38857.
7, 13, 61
List the prime factors of 5130.
2, 3, 5, 19
What are the prime factors of 1494?
2, 3, 83
List the prime factors of 1356.
2, 3, 113
List the prime factors of 376.
2, 47
What are the prime factors of 1128?
2, 3, 47
List the prime factors of 9681.
3, 7, 461
List the prime factors of 33019.
7, 53, 89
List the prime factors of 692.
2, 173
List the prime factors of 10754.
2, 19, 283
List the prime factors of 11556.
2, 3, 107
What are the prime factors of 28393?
28393
List the prime factors of 2032.
2, 127
What are the prime factors of 615?
3, 5, 41
List the prime factors of 726.
2, 3, 11
List the prime factors of 17086.
2, 8543
What are the prime factors of 1780?
2, 5, 89
What are the prime factors of 6469?
6469
What are the prime factors of 21653?
59, 367
What are the prime factors of 537?
3, 179
List the prime factors of 17487.
3, 29, 67
List the prime factors of 3599.
59, 61
List the prime factors of 1965.
3, 5, 131
What are the prime factors of 73216?
2, 11, 13
What are the prime factors of 9140?
2, 5, 457
List the prime factors of 7895.
5, 1579
List the prime factors of 667.
23, 29
What are the prime factors of 7222?
2, 23, 157
What are the prime factors of 173?
173
List the prime factors of 45503.
45503
What are the prime factors of 57233?
11, 43
What are the prime factors of 344?
2, 43
What are the prime factors of 772?
2, 193
List the prime factors of 4947.
3, 17, 97
List the prime factors of 72402.
2, 3, 11, 1097
What are the prime factors of 1385?
5, 277
List the prime factors of 44994.
2, 3, 7499
List the prime factors of 7430.
2, 5, 743
What are the prime factors of 23056?
2, 11, 131
What are the prime factors of 3361?
3361
List the prime factors of 1381.
1381
What are the prime factors of 154015?
5, 30803
List the prime factors of 898.
2, 449
What are the prime factors of 5934?
2, 3, 23, 43
What are the prime factors of 5614?
2, 7, 401
List the prime factors of 3948.
2, 3, 7, 47
List the prime factors of 2735.
5, 547
List the prime factors of 443.
443
What are the prime factors of 11131?
11131
List the prime factors of 172.
2, 43
List the prime factors of 1359.
3, 151
What are the prime factors of 1696?
2, 53
What are the prime factors of 1886?
2, 23, 41
What are the prime factors of 110493?
3, 12277
List the prime factors of 133.
7, 19
What are the prime factors of 2939?
2939
List the prime factors of 16656.
2, 3, 347
What are the prime factors of 858?
2, 3, 11, 13
What are the prime factors of 1300?
2, 5, 13
List the prime factors of 16762.
2, 17, 29
What are the prime factors of 6831?
3, 11, 23
What are the prime factors of 1381?
1381
What are the prime factors of 31?
31
List the prime factors of 4728.
2, 3, 197
List the prime factors of 19393.
11, 41, 43
What are the prime factors of 10001?
73, 137
List the prime factors of 554.
2, 277
List the prime factors of 17372.
2, 43, 101
What are the prime factors of 124?
2, 31
List the prime factors of 35841.
3, 13, 919
List the prime factors of 29804.
2, 7451
List the prime factors of 175.
5, 7
List the prime factors of 490.
2, 5, 7
What are the prime factors of 713?
23, 31
List the prime factors of 20643.
3, 7, 983
List the prime factors of 16839.
3, 1871
What are the prime factors of 12818?
2, 13, 17, 29
What are the prime factors of 148634?
2, 74317
What are the prime factors of 679?
7, 97
What are the prime factors of 52959?
3, 127, 139
What are the prime factors of 3929?
3929
List the prime factors of 15145.
5, 13, 233
List the prime factors of 6499.
67, 97
What are the prime factors of 8037?
3, 19, 47
List the prime factors of 193001.
17, 11353
List the prime factors of 2082.
2, 3, 347
What are the prime factors of 2897?
2897
List the prime factors of 10735.
5, 19, 113
List the prime factors of 19877.
11, 13, 139
List the prime factors of 1001.
7, 11, 13
List the prime factors of 11657.
11657
Li